{"id":2019,"date":"2021-02-04T13:52:49","date_gmt":"2021-02-04T13:52:49","guid":{"rendered":"https:\/\/www.bryzajantar.pl\/?page_id=2019"},"modified":"2021-02-05T13:12:27","modified_gmt":"2021-02-05T13:12:27","slug":"atrakcje","status":"publish","type":"page","link":"https:\/\/www.bryzajantar.pl\/index.php\/atrakcje\/","title":{"rendered":"Atrakcje"},"content":{"rendered":"<p>[vc_row full_width=&#8221;stretch_row&#8221; parallax=&#8221;content-moving&#8221; parallax_image=&#8221;2066&#8243; css=&#8221;.vc_custom_1612523829335{margin-top: 0px !important;padding-top: 120px !important;padding-bottom: 220px !important;}&#8221; el_class=&#8221;nd_options_vc_parallax_filter_2_5&#8243;][vc_column width=&#8221;1\/6&#8243;][\/vc_column][vc_column width=&#8221;2\/3&#8243; el_class=&#8221;nd_options_text_align_center&#8221;] <h1 style=\"color:#ffffff; padding:px; text-align:center; font-size:50px; line-height:px; letter-spacing: 2px; font-weight:lighter;\" class=\"  nd_options_font_size_40_important_all_iphone nd_options_first_font \">Mierzeja Wi\u015blana<\/h1> <div style=\"background-color:; height: 30px;\" class=\"nicdark_section  \"><\/div> <p style=\"color:#ffffff; padding:px; text-align:center; font-size:px; line-height:px; letter-spacing: px; font-weight:lighter;\" class=\"   nd_options_first_font \">x<\/p> <div style=\"background-color:; height: 30px;\" class=\"nicdark_section  \"><\/div> <p style=\"color:#ffffff; padding:px; text-align:center; font-size:13px; line-height:25px; letter-spacing: 3px; font-weight:lighter;\" class=\"   nd_options_second_font \">ZAPOZNAJ SI\u0118 Z CIEKAWYMI MIEJSCAMI MIERZEI WI\u015aLANEJ.<br \/>\nICH NIEZWYK\u0141O\u015a\u0106 NA PEWNO ZAPADNIE CI W PAMI\u0118CI!<\/p> <div style=\"background-color:; height: 30px;\" class=\"nicdark_section  \"><\/div> <p style=\"color:#ffffff; padding:px; text-align:center; font-size:13px; line-height:25px; letter-spacing: 3px; font-weight:lighter;\" class=\"   nd_options_second_font \">kliknij na zdj\u0119cie aby zobaczy\u0107 co to za miejsce<\/p> [\/vc_column][vc_column width=&#8221;1\/6&#8243;][\/vc_column][\/vc_row][vc_row equal_height=&#8221;yes&#8221; content_placement=&#8221;middle&#8221; css=&#8221;.vc_custom_1612525342188{margin-top: 60px !important;}&#8221;][vc_column width=&#8221;5\/12&#8243;] <h1 style=\"color:; padding:20px; text-align:center; font-size:40px; line-height:55px; letter-spacing: px; font-weight:lighter;\" class=\"  nd_options_text_align_center_responsive_important nd_options_slogan_text nd_options_first_font \">- MIKOSZEWO -<\/h1>  <p style=\"color:#6d6d6d; padding:px; text-align:center; font-size:13px; line-height:25px; letter-spacing: 2px; font-weight:lighter;\" class=\"   nd_options_second_font \">Uj\u015bcie Wis\u0142y w Mikoszewie oraz Rezerwat Mewia \u0141acha to najciekawsze miejsca tej miejscowo\u015bci. Ma\u0142o os\u00f3b wie, \u017ce obecny przebieg uj\u015bcia jest efektem wykonanego w latach 1891\u20131895 przekopu Wis\u0142y. Warto r\u00f3wnie\u017c skorzysta\u0107 z wycieczek motor\u00f3wk\u0105 na uj\u015bcie.<\/p> [\/vc_column][vc_column width=&#8221;7\/12&#8243;][vc_row_inner][vc_column_inner][vc_gallery interval=&#8221;3&#8243; images=&#8221;2086,2091&#8243; img_size=&#8221;600&#215;300&#8243;][\/vc_column_inner][\/vc_row_inner][\/vc_column][\/vc_row][vc_row equal_height=&#8221;yes&#8221; content_placement=&#8221;middle&#8221; css=&#8221;.vc_custom_1612525342188{margin-top: 60px !important;}&#8221;][vc_column width=&#8221;5\/12&#8243;][vc_row_inner][vc_column_inner][vc_gallery interval=&#8221;3&#8243; images=&#8221;2088&#8243; img_size=&#8221;600&#215;300&#8243;][\/vc_column_inner][\/vc_row_inner][\/vc_column][vc_column width=&#8221;7\/12&#8243;] <h1 style=\"color:; padding:20px; text-align:center; font-size:40px; line-height:55px; letter-spacing: px; font-weight:lighter;\" class=\"  nd_options_text_align_center_responsive_important nd_options_slogan_text nd_options_first_font \">- STEGNA -<\/h1>  <p style=\"color:#6d6d6d; padding:px; text-align:center; font-size:13px; line-height:25px; letter-spacing: 2px; font-weight:lighter;\" class=\"   nd_options_second_font \">Stegna jest znan\u0105 w Polsce miejscowo\u015bci\u0105 turystyczn\u0105. Wizyt\u00f3wk\u0105 jest zabytkowy Ko\u015bci\u00f3\u0142 pw. Naj\u015bwi\u0119tszego Serca Pana Jezusa. R\u00f3wnie\u017c w czasie letnim organizowany s\u0105 koncerty Lato z Radiem. Du\u017c\u0105 popularno\u015bci\u0105 cieszy si\u0119 r\u00f3wnie\u017c prywatne Muzeum Bursztynu ``Bursztynowa Komnata``, wystawa ``Kinder Niespodzianek`` czy wystawa ``Pojazd\u00f3w Mundurowych``<\/p> [\/vc_column][\/vc_row][vc_row equal_height=&#8221;yes&#8221; content_placement=&#8221;middle&#8221; css=&#8221;.vc_custom_1612525342188{margin-top: 60px !important;}&#8221;][vc_column width=&#8221;5\/12&#8243;] <h1 style=\"color:; padding:20px; text-align:center; font-size:40px; line-height:55px; letter-spacing: px; font-weight:lighter;\" class=\"  nd_options_text_align_center_responsive_important nd_options_slogan_text nd_options_first_font \">- SZTUTOWO -<\/h1>  <p style=\"color:#6d6d6d; padding:px; text-align:center; font-size:13px; line-height:25px; letter-spacing: 2px; font-weight:lighter;\" class=\"   nd_options_second_font \">Najstarsza miejscowo\u015b\u0107 na pasie nadmorskim znana jest z tragicznej historii najd\u0142u\u017cej dzia\u0142aj\u0105cego polskich ziemiach w czasie II wojny \u015bwiatowej niemieckiego obozu koncentracyjnego KL Stutthof. Obecnie jest to Muzeum dzia\u0142aj\u0105ce ca\u0142y rok z bezp\u0142atnym wst\u0119pem. Wartym obejrzenia w Sztutowie jest r\u00f3wnie\u017c Most Czterech Pancernych.<\/p> [\/vc_column][vc_column width=&#8221;7\/12&#8243;][vc_row_inner][vc_column_inner][vc_gallery interval=&#8221;3&#8243; images=&#8221;2089,2083,2076&#8243; img_size=&#8221;600&#215;300&#8243;][\/vc_column_inner][\/vc_row_inner][\/vc_column][\/vc_row][vc_row equal_height=&#8221;yes&#8221; content_placement=&#8221;middle&#8221; css=&#8221;.vc_custom_1612525342188{margin-top: 60px !important;}&#8221;][vc_column width=&#8221;5\/12&#8243;][vc_row_inner][vc_column_inner][vc_gallery interval=&#8221;3&#8243; images=&#8221;2088&#8243; img_size=&#8221;600&#215;300&#8243;][\/vc_column_inner][\/vc_row_inner][\/vc_column][vc_column width=&#8221;7\/12&#8243;] <h1 style=\"color:; padding:20px; text-align:center; font-size:40px; line-height:55px; letter-spacing: px; font-weight:lighter;\" class=\"  nd_options_text_align_center_responsive_important nd_options_slogan_text nd_options_first_font \">- K\u0104TY RYBACKIE -<\/h1>  <p style=\"color:#6d6d6d; padding:px; text-align:center; font-size:13px; line-height:25px; letter-spacing: 2px; font-weight:lighter;\" class=\"   nd_options_second_font \">Stegna jest znan\u0105 w Polsce miejscowo\u015bci\u0105 turystyczn\u0105. Wizyt\u00f3wk\u0105 jest zabytkowy Ko\u015bci\u00f3\u0142 pw. Naj\u015bwi\u0119tszego Serca Pana Jezusa. R\u00f3wnie\u017c w czasie letnim organizowany s\u0105 koncerty Lato z Radiem. Du\u017c\u0105 popularno\u015bci\u0105 cieszy si\u0119 r\u00f3wnie\u017c prywatne Muzeum Bursztynu ``Bursztynowa Komnata``, wystawa ``Kinder Niespodzianek`` czy wystawa ``Pojazd\u00f3w Mundurowych``<\/p> [\/vc_column][\/vc_row][vc_row equal_height=&#8221;yes&#8221; content_placement=&#8221;middle&#8221; css=&#8221;.vc_custom_1612525342188{margin-top: 60px !important;}&#8221;][vc_column width=&#8221;5\/12&#8243;] <h1 style=\"color:; padding:20px; text-align:center; font-size:40px; line-height:55px; letter-spacing: px; font-weight:lighter;\" class=\"  nd_options_text_align_center_responsive_important nd_options_slogan_text nd_options_first_font \">- PRZEBRNO, KRYNICA MORSKA, PIASKI -<\/h1>  <p style=\"color:#6d6d6d; padding:px; text-align:center; font-size:13px; line-height:25px; letter-spacing: 2px; font-weight:lighter;\" class=\"   nd_options_second_font \">Gmina Krynica Morska patrz\u0105c od zachodu zaczyna si\u0119 w Przebrnie, miejscu gdzie traktakt wersaliski wytyczy\u0142 granice Wolnego Miasta Gda\u0144sk z Prusami Wschodnimi. Zachowanym reliktem tych czas\u00f3w s\u0105 kamienie graniczne. Krynica Morska to najbardziej znana miejscowo\u015b\u0107 Mierzei Wi\u015blanej, a jej wizyt\u00f3wk\u0105 jest latarnia morska, dost\u0119pna do zwiedzania w sezonie letnim. Warto r\u00f3wnie\u017c wej\u015b\u0107 na punkt widokowy na G\u00f3rze Pirata, czy przespacerowa\u0107 si\u0119 po nowoczesnej marinie. Piaski to najdalej wysuni\u0119ta na wsch\u00f3d osada po polskiej stronie Mierzei. Dalej jest ju\u017c obw\u00f3d kalinigracki Federacji Rosyjskiej.<\/p> [\/vc_column][vc_column width=&#8221;7\/12&#8243;][vc_row_inner][vc_column_inner][vc_gallery interval=&#8221;3&#8243; images=&#8221;2087,2085,2077,2074,2073,2072,2075&#8243; img_size=&#8221;600&#215;300&#8243;][\/vc_column_inner][\/vc_row_inner][\/vc_column][\/vc_row][vc_row equal_height=&#8221;yes&#8221; content_placement=&#8221;middle&#8221; css=&#8221;.vc_custom_1612525342188{margin-top: 60px !important;}&#8221;][vc_column width=&#8221;5\/12&#8243;][vc_row_inner][vc_column_inner][vc_gallery interval=&#8221;3&#8243; images=&#8221;2070,2078,2079,2071,2080&#8243; img_size=&#8221;600&#215;300&#8243;][\/vc_column_inner][\/vc_row_inner][\/vc_column][vc_column width=&#8221;7\/12&#8243;] <h1 style=\"color:; padding:20px; text-align:center; font-size:40px; line-height:55px; letter-spacing: px; font-weight:lighter;\" class=\"  nd_options_text_align_center_responsive_important nd_options_slogan_text nd_options_first_font \">- \u017bU\u0141AWY WI\u015aLANE -<\/h1>  <p style=\"color:#6d6d6d; padding:px; text-align:center; font-size:13px; line-height:25px; letter-spacing: 2px; font-weight:lighter;\" class=\"   nd_options_second_font \">\u017bu\u0142awy Wi\u015blane to setki kilometr\u00f3w rzek i kana\u0142\u00f3w. To tak\u017ce zabytkowe wiatraki czy dzia\u0142aj\u0105cy jedyny w Europie obrotowy most kolejowy w Rybinie.<\/p> [\/vc_column][\/vc_row][vc_row equal_height=&#8221;yes&#8221; content_placement=&#8221;middle&#8221; css=&#8221;.vc_custom_1612525342188{margin-top: 60px !important;}&#8221;][vc_column width=&#8221;5\/12&#8243;] <h1 style=\"color:; padding:20px; text-align:center; font-size:40px; line-height:55px; letter-spacing: px; font-weight:lighter;\" class=\"  nd_options_text_align_center_responsive_important nd_options_slogan_text nd_options_first_font \">- TR\u00d3JMIASTO, MALBORK, ELBL\u0104G -<\/h1>  <p style=\"color:#6d6d6d; padding:px; text-align:center; font-size:13px; line-height:25px; letter-spacing: 2px; font-weight:lighter;\" class=\"   nd_options_second_font \">Dzi\u0119ki dobrej komunikacji z naszych domk\u00f3w w zaledwie 50 minut mo\u017cesz by\u0107 w jednym z tych miast wypisanych w tytule. <\/p> [\/vc_column][vc_column width=&#8221;7\/12&#8243;][vc_row_inner][vc_column_inner][vc_gallery interval=&#8221;3&#8243; images=&#8221;2068,2069,2084,2092,2090&#8243; img_size=&#8221;600&#215;300&#8243;][\/vc_column_inner][\/vc_row_inner][\/vc_column][\/vc_row]<\/p>\n","protected":false},"excerpt":{"rendered":"<p>[vc_row full_width=&#8221;stretch_row&#8221; parallax=&#8221;content-moving&#8221; parallax_image=&#8221;2066&#8243; css=&#8221;.vc_custom_1612523829335{margin-top: 0px !important;padding-top: 120px !important;padding-bottom: 220px !important;}&#8221; el_class=&#8221;nd_options_vc_parallax_filter_2_5&#8243;][vc_column width=&#8221;1\/6&#8243;][\/vc_column][vc_column width=&#8221;2\/3&#8243; el_class=&#8221;nd_options_text_align_center&#8221;][\/vc_column][vc_column width=&#8221;1\/6&#8243;][\/vc_column][\/vc_row][vc_row equal_height=&#8221;yes&#8221; content_placement=&#8221;middle&#8221; css=&#8221;.vc_custom_1612525342188{margin-top: 60px !important;}&#8221;][vc_column width=&#8221;5\/12&#8243;][\/vc_column][vc_column width=&#8221;7\/12&#8243;][vc_row_inner][vc_column_inner][vc_gallery interval=&#8221;3&#8243; images=&#8221;2086,2091&#8243; img_size=&#8221;600&#215;300&#8243;][\/vc_column_inner][\/vc_row_inner][\/vc_column][\/vc_row][vc_row equal_height=&#8221;yes&#8221; content_placement=&#8221;middle&#8221; css=&#8221;.vc_custom_1612525342188{margin-top: 60px !important;}&#8221;][vc_column width=&#8221;5\/12&#8243;][vc_row_inner][vc_column_inner][vc_gallery interval=&#8221;3&#8243; images=&#8221;2088&#8243; img_size=&#8221;600&#215;300&#8243;][\/vc_column_inner][\/vc_row_inner][\/vc_column][vc_column width=&#8221;7\/12&#8243;][\/vc_column][\/vc_row][vc_row equal_height=&#8221;yes&#8221; content_placement=&#8221;middle&#8221; css=&#8221;.vc_custom_1612525342188{margin-top: 60px !important;}&#8221;][vc_column width=&#8221;5\/12&#8243;][\/vc_column][vc_column width=&#8221;7\/12&#8243;][vc_row_inner][vc_column_inner][vc_gallery interval=&#8221;3&#8243; images=&#8221;2089,2083,2076&#8243; img_size=&#8221;600&#215;300&#8243;][\/vc_column_inner][\/vc_row_inner][\/vc_column][\/vc_row][vc_row equal_height=&#8221;yes&#8221; content_placement=&#8221;middle&#8221; css=&#8221;.vc_custom_1612525342188{margin-top: 60px !important;}&#8221;][vc_column width=&#8221;5\/12&#8243;][vc_row_inner][vc_column_inner][vc_gallery interval=&#8221;3&#8243; images=&#8221;2088&#8243; img_size=&#8221;600&#215;300&#8243;][\/vc_column_inner][\/vc_row_inner][\/vc_column][vc_column [&hellip;]<\/p>\n","protected":false},"author":1,"featured_media":0,"parent":0,"menu_order":0,"comment_status":"closed","ping_status":"closed","template":"","meta":[],"yoast_head":"<!-- This site is optimized with the Yoast SEO plugin v16.2 - https:\/\/yoast.com\/wordpress\/plugins\/seo\/ -->\n<title>Atrakcje &bull; Bryza Jantar - Mierzeja Wi\u015blana<\/title>\n<meta name=\"robots\" content=\"index, follow, max-snippet:-1, max-image-preview:large, max-video-preview:-1\" \/>\n<link rel=\"canonical\" href=\"https:\/\/www.bryzajantar.pl\/index.php\/atrakcje\/\" \/>\n<meta property=\"og:locale\" content=\"pl_PL\" \/>\n<meta property=\"og:type\" content=\"article\" \/>\n<meta property=\"og:title\" content=\"Atrakcje &bull; Bryza Jantar - Mierzeja Wi\u015blana\" \/>\n<meta property=\"og:description\" content=\"[vc_row full_width=&#8221;stretch_row&#8221; parallax=&#8221;content-moving&#8221; parallax_image=&#8221;2066&#8243; css=&#8221;.vc_custom_1612523829335{margin-top: 0px !important;padding-top: 120px !important;padding-bottom: 220px !important;}&#8221; el_class=&#8221;nd_options_vc_parallax_filter_2_5&#8243;][vc_column width=&#8221;1\/6&#8243;][\/vc_column][vc_column width=&#8221;2\/3&#8243; el_class=&#8221;nd_options_text_align_center&#8221;][\/vc_column][vc_column width=&#8221;1\/6&#8243;][\/vc_column][\/vc_row][vc_row equal_height=&#8221;yes&#8221; content_placement=&#8221;middle&#8221; css=&#8221;.vc_custom_1612525342188{margin-top: 60px !important;}&#8221;][vc_column width=&#8221;5\/12&#8243;][\/vc_column][vc_column width=&#8221;7\/12&#8243;][vc_row_inner][vc_column_inner][vc_gallery interval=&#8221;3&#8243; images=&#8221;2086,2091&#8243; img_size=&#8221;600&#215;300&#8243;][\/vc_column_inner][\/vc_row_inner][\/vc_column][\/vc_row][vc_row equal_height=&#8221;yes&#8221; content_placement=&#8221;middle&#8221; css=&#8221;.vc_custom_1612525342188{margin-top: 60px !important;}&#8221;][vc_column width=&#8221;5\/12&#8243;][vc_row_inner][vc_column_inner][vc_gallery interval=&#8221;3&#8243; images=&#8221;2088&#8243; img_size=&#8221;600&#215;300&#8243;][\/vc_column_inner][\/vc_row_inner][\/vc_column][vc_column width=&#8221;7\/12&#8243;][\/vc_column][\/vc_row][vc_row equal_height=&#8221;yes&#8221; content_placement=&#8221;middle&#8221; css=&#8221;.vc_custom_1612525342188{margin-top: 60px !important;}&#8221;][vc_column width=&#8221;5\/12&#8243;][\/vc_column][vc_column width=&#8221;7\/12&#8243;][vc_row_inner][vc_column_inner][vc_gallery interval=&#8221;3&#8243; images=&#8221;2089,2083,2076&#8243; img_size=&#8221;600&#215;300&#8243;][\/vc_column_inner][\/vc_row_inner][\/vc_column][\/vc_row][vc_row equal_height=&#8221;yes&#8221; content_placement=&#8221;middle&#8221; css=&#8221;.vc_custom_1612525342188{margin-top: 60px !important;}&#8221;][vc_column width=&#8221;5\/12&#8243;][vc_row_inner][vc_column_inner][vc_gallery interval=&#8221;3&#8243; images=&#8221;2088&#8243; img_size=&#8221;600&#215;300&#8243;][\/vc_column_inner][\/vc_row_inner][\/vc_column][vc_column [&hellip;]\" \/>\n<meta property=\"og:url\" content=\"https:\/\/www.bryzajantar.pl\/index.php\/atrakcje\/\" \/>\n<meta property=\"og:site_name\" content=\"Bryza Jantar - Mierzeja Wi\u015blana\" \/>\n<meta property=\"article:modified_time\" content=\"2021-02-05T13:12:27+00:00\" \/>\n<meta name=\"twitter:card\" content=\"summary_large_image\" \/>\n<meta name=\"twitter:label1\" content=\"Szacowany czas czytania\">\n\t<meta name=\"twitter:data1\" content=\"9 minut\">\n<script type=\"application\/ld+json\" class=\"yoast-schema-graph\">{\"@context\":\"https:\/\/schema.org\",\"@graph\":[{\"@type\":\"Organization\",\"@id\":\"https:\/\/www.bryzajantar.pl\/#organization\",\"name\":\"Bryza Jantar\",\"url\":\"https:\/\/www.bryzajantar.pl\/\",\"sameAs\":[],\"logo\":{\"@type\":\"ImageObject\",\"@id\":\"https:\/\/www.bryzajantar.pl\/#logo\",\"inLanguage\":\"pl-PL\",\"url\":\"https:\/\/www.bryzajantar.pl\/wp-content\/uploads\/2021\/01\/BryzaJantarLogo.png\",\"contentUrl\":\"https:\/\/www.bryzajantar.pl\/wp-content\/uploads\/2021\/01\/BryzaJantarLogo.png\",\"width\":426,\"height\":263,\"caption\":\"Bryza Jantar\"},\"image\":{\"@id\":\"https:\/\/www.bryzajantar.pl\/#logo\"}},{\"@type\":\"WebSite\",\"@id\":\"https:\/\/www.bryzajantar.pl\/#website\",\"url\":\"https:\/\/www.bryzajantar.pl\/\",\"name\":\"Bryza Jantar - Mierzeja Wi\\u015blana\",\"description\":\"Apartamenty z saun\\u0105, domki z kominkami nad morzem blisko lasu\",\"publisher\":{\"@id\":\"https:\/\/www.bryzajantar.pl\/#organization\"},\"potentialAction\":[{\"@type\":\"SearchAction\",\"target\":\"https:\/\/www.bryzajantar.pl\/?s={search_term_string}\",\"query-input\":\"required name=search_term_string\"}],\"inLanguage\":\"pl-PL\"},{\"@type\":\"WebPage\",\"@id\":\"https:\/\/www.bryzajantar.pl\/index.php\/atrakcje\/#webpage\",\"url\":\"https:\/\/www.bryzajantar.pl\/index.php\/atrakcje\/\",\"name\":\"Atrakcje &bull; Bryza Jantar - Mierzeja Wi\\u015blana\",\"isPartOf\":{\"@id\":\"https:\/\/www.bryzajantar.pl\/#website\"},\"datePublished\":\"2021-02-04T13:52:49+00:00\",\"dateModified\":\"2021-02-05T13:12:27+00:00\",\"breadcrumb\":{\"@id\":\"https:\/\/www.bryzajantar.pl\/index.php\/atrakcje\/#breadcrumb\"},\"inLanguage\":\"pl-PL\",\"potentialAction\":[{\"@type\":\"ReadAction\",\"target\":[\"https:\/\/www.bryzajantar.pl\/index.php\/atrakcje\/\"]}]},{\"@type\":\"BreadcrumbList\",\"@id\":\"https:\/\/www.bryzajantar.pl\/index.php\/atrakcje\/#breadcrumb\",\"itemListElement\":[{\"@type\":\"ListItem\",\"position\":1,\"item\":{\"@type\":\"WebPage\",\"@id\":\"https:\/\/www.bryzajantar.pl\/\",\"url\":\"https:\/\/www.bryzajantar.pl\/\",\"name\":\"Strona g\\u0142\\u00f3wna\"}},{\"@type\":\"ListItem\",\"position\":2,\"item\":{\"@id\":\"https:\/\/www.bryzajantar.pl\/index.php\/atrakcje\/#webpage\"}}]}]}<\/script>\n<!-- \/ Yoast SEO plugin. -->","_links":{"self":[{"href":"https:\/\/www.bryzajantar.pl\/index.php\/wp-json\/wp\/v2\/pages\/2019"}],"collection":[{"href":"https:\/\/www.bryzajantar.pl\/index.php\/wp-json\/wp\/v2\/pages"}],"about":[{"href":"https:\/\/www.bryzajantar.pl\/index.php\/wp-json\/wp\/v2\/types\/page"}],"author":[{"embeddable":true,"href":"https:\/\/www.bryzajantar.pl\/index.php\/wp-json\/wp\/v2\/users\/1"}],"replies":[{"embeddable":true,"href":"https:\/\/www.bryzajantar.pl\/index.php\/wp-json\/wp\/v2\/comments?post=2019"}],"version-history":[{"count":8,"href":"https:\/\/www.bryzajantar.pl\/index.php\/wp-json\/wp\/v2\/pages\/2019\/revisions"}],"predecessor-version":[{"id":2097,"href":"https:\/\/www.bryzajantar.pl\/index.php\/wp-json\/wp\/v2\/pages\/2019\/revisions\/2097"}],"wp:attachment":[{"href":"https:\/\/www.bryzajantar.pl\/index.php\/wp-json\/wp\/v2\/media?parent=2019"}],"curies":[{"name":"wp","href":"https:\/\/api.w.org\/{rel}","templated":true}]}}